 0, 0 = 5*q. Suppose -n + 263 = -2*h - 0*h, 0 = 5*n + h - w. Is n a composite number?
False
Suppose 8*b + 21665 = 15*b. Is b composite?
True
Suppose -3*x + 0*m = -m - 2, -4*x = -5*m - 10. Let q be (-6)/(-9)*(-1791)/6. Is 1 - (-3 + x + q) a prime number?
False
Suppose -37*y = 16*y - 8245687. Is y composite?
False
Let r(g) = 74*g + 16. Let f(q) = -74*q - 17. Let b(l) = -5*f(l) - 4*r(l). Is b(5) a composite number?
True
Let m = -21 + 28. Suppose 590 - 2760 = -m*v. Let y = v - -423. Is y prime?
True
Let u(v) = -v**2 + 14*v - 1. Let r be u(15). Let j(c) = c**2 + 17*c + 23. Let t be j(r). Is 0 - (t + -4 - 130) composite?
False
Is ((-168)/(-336))/((-1)/(-10522)) a composite number?
False
Let u = -82 + 60. Let n(d) = -139*d + 13. Is n(u) a prime number?
False
Suppose 36*a - 35*a - 739 = 0. Suppose 4*c + 189 = 3*y + a, 0 = -3*c + 2*y + 413. Is c prime?
True
Let u = -3986 - -7849. Is u prime?
True
Let s = -5 + 8. Suppose -i + 3*h = -739, -5*h + 3*h = s*i - 2239. Is i a prime number?
False
Suppose -4*v + 6*v - 2 = 0, v = k - 48. Suppose -2*j = -2*m - 810, 2*j - 3*m + 805 = 4*j. Let p = j - k. Is p composite?
True
Let r be 3/2 - (-180)/(-24). Let l(x) = 17*x**2 - 3*x - 6. Let g be l(r). Is (-2 - -6) + g - 2 a prime number?
False
Let y = 105 - 102. Is 3/1 + 3156/y a composite number?
True
Suppose 4 = g + 1. Suppose 0 = g*j + 7*j - 1610. Is j a prime number?
False
Let f be 1 + ((-4)/2)/(-4 - -2). Is (-382)/6*(-5 + f) a composite number?
False
Suppose -105328 = -22*b + 6*b. Is b composite?
True
Let j(k) = 5*k**2 - 3*k + 24. Let y(d) = -4*d - 16 + 0*d - 2*d**2 + 6*d - d**2. Let u(p) = 5*j(p) + 8*y(p). Is u(9) a composite number?
True
Let f be (-12)/9 - 44/(-6). Suppose d - 22 = 2*c - f*c, 3*d - 38 = -5*c. Is d composite?
True
Suppose -a = -4*a + 4701. Let z = 2772 - a. Is z composite?
True
Let b(u) = u**3 + 11*u**2 - 9*u + 1. Let x be b(-11). Suppose 2*m + 74 + 6 = 4*y, 4*y + 3*m = x. Is y prime?
False
Is (-2459)/((-7 - -3) + 3) a composite number?
False
Let c(d) = 2067*d + 3. Let f be c(1). Suppose 7*s - 2*s = f. Suppose s = 6*l - 0*l. Is l prime?
False
Let o = -5 + 15. Let r be (o/15)/((-4)/(-30)). Suppose -g = -5*k + 250, k = 5*k - r*g - 179. Is k prime?
False
Let x(a) be the third derivative of a**7/2520 + a**6/60 + a**5/8 + a**4/4 - 7*a**2. Let z(u) be the second derivative of x(u). Is z(-14) prime?
True
Let b(f) = -f**3 + 2*f**2 + 7*f - 5. Let c be b(4). Let n = 9 + c. Is n - -238 - (14 - 11) prime?
False
Let o(z) = -3*z**2 + z - 469. Let f be o(0). Let j = -2 - f. Is j composite?
False
Let t(y) = 1911*y + 277. Is t(4) prime?
False
Suppose 3*b = -2*b. Suppose b = d - 3*f - 154, -4*f = -5*f - 5. Is d composite?
False
Suppose 0 = 14*t + 29 + 83. Is 8/36*555 + t/6 composite?
True
Suppose -3*f = 9896 - 57503. Is f a composite number?
True
Suppose 5*w - 153 = 92. Suppose -h = -2*h - 5*f + 49, -f = -h + w. Is h a composite number?
True
Let a(q) = -3415*q - 48. Is a(-7) prime?
True
Let d(o) = -10*o + 7289. Is d(0) composite?
True
Is (-6)/(-4) - (-2)/8*758 a prime number?
True
Suppose 3 = 2*l + 5*m - 16, 5*l + 2*m = 16. Suppose -5*n = l*y - 6251, 3*n - 4*y - 3738 = -y. Is n composite?
False
Let l = -115 + 117. Suppose 0 = -l*u + u + 1693. Is u a composite number?
False
Suppose 3*c + q + 2277 = 0, 0 = 2*c + 3*q - q + 1514. Let g = c - -1101. Is g a prime number?
False
Suppose 23*v + 109098 = 459917. Is v prime?
False
Let r = 26 - 11. Let v = r + -42. Is (-9)/v + 1324/6 composite?
True
Suppose 0 = -5*n + 6*n - 758. Is (n/(-8))/(4/(-16)) a composite number?
False
Let o be 1 - 1*(1 + -2). Suppose -4*k + 570 = -o*x - 3*x, -456 = 4*x - 3*k. Is -3 - (x/2 - -1) a prime number?
True
Let j = 5 - 10. Is j*(-2 - 393/15) prime?
False
Suppose -3*x + 4*c = -3 - 11, -2*c + 6 = 5*x. Suppose -1915 = -x*h + 5*d, 0 = -h - 3*d - 350 + 1302. Is h a composite number?
True
Suppose 2*o - 2850 = 4*f, -o - 5*f + 231 = -1166. Let s = -936 + o. Is s composite?
True
Suppose -h = -2*b - 0*h + 138, -b + 2*h = -66. Is 5/2*19348/b prime?
True
Suppose -9*t = -10*t + 9735. Is (-11)/6 + 2 - t/(-18) composite?
False
Let i(j) be the third derivative of -j**4/24 - 7*j**3/3 - 2*j**2. Let u be i(-11). Is -2 + (154 - (-9)/u) composite?
False
Let n(k) = -k**3 + 33*k**2 + 37*k - 16. Is n(29) composite?
False
Let i = -7 + 25. Let h be (24/i)/((-2)/246). Let n = h - -313. Is n a prime number?
True
Let a(v) = v**3 + 3*v**2 - 4*v + 4. Let h be a(-4). Let d(o) = h + 2 - 2*o + 9*o**2 + 10*o - o**3 + 4*o. Is d(10) composite?
True
Suppose 1370996 = -15*y + 59*y. Is y prime?
True
Suppose 5*m - 8 = m. Let b be -2866*m*2/(-8). Let w = b + -804. Is w a composite number?
True
Is ((186/62)/(1/16127))/3 prime?
True
Let w = 76 - 71. Suppose x + 431 = -4*c + 2638, w*x = -4*c + 11035. Is x a prime number?
True
Let p(q) = -q**3 + 3*q**2 - 2*q - 2. Let b be p(2). Let g(r) = 84*r**2 + 3. Is g(b) a prime number?
False
Let b = -2200 + 3297. Suppose y - 1058 = 5*s + b, 3*y + s - 6465 = 0. Is y a composite number?
True
Let d be ((-1)/(-6))/((-5)/(-30)). Suppose 1 + d = -2*i. Is (7/3)/(i/(-21)) a composite number?
True
Let q(w) = 995*w**2 + 589*w**2 + 71*w**2 + 288*w**2. Is q(1) a composite number?
True
Let j(y) = y**3 + 5*y**2 - 2*y - 6. Let k be j(-5). Suppose -2*q + w + 618 = 0, -2*q + w = -k*q + 610. Is q a prime number?
True
Let b = 30 - 432. Let s = b - 357. Is ((-3)/(-3))/((-3)/s) a prime number?
False
Let r = -151 - -347. Suppose u + 5*h + 49 = r, -3*u + 369 = -3*h. Is u a prime number?
True
Let h = -107 - -106. Is 4*h - (10/5 - 6073) a prime number?
True
Let b(a) = -606*a + 43. Is b(-5) a prime number?
False
Suppose -93*a + 1758175 - 103240 = 0. Is a prime?
False
Suppose -40 = 2*d - 134. Suppose d*y = 42*y + 725. Is y composite?
True
Let b = 0 - -5. Suppose b*j - 7 = -2. Is 9 + (1 - (2 + j)) composite?
False
Let u be -3416*1/5*40/(-16). Suppose -3*g = 5*y - 5104, -g = y + 2*y - u. Is g prime?
True
Let s(u) = -4*u**3 - 2*u**2 - u. Let p be s(-1). Let m be 2/(3 - 7/p). Suppose m*y = -t + 58, 167 = 3*t + t - y. Is t a prime number?
True
Let v = -1325 + 8358. Is v prime?
False
Let o(p) = p - 1. Let k(s) = -23*s + 6. Let l(t) = k(t) + 5*o(t). Is l(-5) a composite number?
True
Suppose 0 = -2*z + 6*z - 3*q + 3128, 0 = 5*q + 20. Is -94*(z/30 - (-1)/(-3)) composite?
True
Suppose -17037 = -2*m - 2*a + 12473, 2*a + 73803 = 5*m. Is m a composite number?
False
Let p be (6 + 0)/(1/(-2)). Is 592/p*6/(-4) a composite number?
True
Suppose -115 - 293 = 4*z. Let v = 229 + z. Is v a prime number?
True
Let b = -6 - -20. Let p = b - 12. Suppose -3*x = -4*w - 933, -1 = p*w + 5. Is x prime?
True
Suppose 0*t - 5*w - 221 = -t, 0 = -t - 5*w + 191. Suppose 40 = -v + t. Is v a prime number?
False
Let w(y) be the third derivative of 3*y**5/20 + y**4/6 - 5*y**3/6 + 10*y**2. Suppose l = -4*l - 30. Is w(l) a prime number?
False
Let a = -18479 + 41833. Is a a prime number?
False
Let z(n) = 112*n**2 + 28*n + 121. Is z(8) a prime number?
False
Is (-6130)/3*(-138)/92 prime?
False
Let g(o) = 3*o**3 - 19*o**2 + 10*o - 5. Let z be 4 + 3 + 3 + 0/(-1). Is g(z) a prime number?
False
Let j(n) = -n**3 - 3*n**2 + 23*n + 37. Let p be j(-14). Let r = p - -3434. Is r composite?
True
Suppose v = 6 - 4. Suppose 0 = -2*f - v*n + 364, 5*f - 2*n - 986 + 97 = 0. Is f a prime number?
True
Let m = -76 - -287. Is m a prime number?
True
Suppose 0 = 2*q + 2*d, -5*d = -5*q - 0*d + 20. Let n(z) = -4*z**3 - 1 - 33*z**2 + 33*z**q + 18*z**3. Is n(1) prime?
True
Let b = 0 + 3. Let j be -3 + 2 - 6/(-6). Suppose -3*o + 201 = -b*l, -3*o + 5*l + 201 = -j*l. Is o composite?
False
Is (528708/39)/4 - 28/182 a composite number?
False
Let x = -318 - -991. Is x a prime number?
True
Let s(w) = -w**3 + 7 - 3 - w**2 + 8 - 8*w**2 + w. Let m be s(-9). Suppose m*l = -2*v + 1249, -l + 97 + 310 = 3*v. Is l a composite number?
False
Suppose 0 = -5*z - 3*d + 310 + 129, -z + 71 = -5*d. Suppose 3*a = -2*r - 2*a + z, 4*r + a = 208. Is r prime?
True
Let h = 6698 + 3167. Is h a composite number?
True
Let k(g) = g**3 + 2*g**2 - 5*g - 2. Let y be k(-3). Is y - (-1)/((-1)/(-477)) prime?
False
Let q = 112 - 78. Is (26/(-1))/((-4)/q) a composite number?
True
Let d = -14 - -11. Let u be d/(-6)*(2 + -50). Let g = u - -57. Is g a composite number?
True
Suppose 0 = -b + 33013 - 10282. Is b a prime number?
False
Sup